{"id":190,"date":"2015-12-13T14:48:07","date_gmt":"2015-12-13T13:48:07","guid":{"rendered":"http:\/\/www.tomaszowice.diecezja.lublin.pl\/?page_id=190"},"modified":"2026-05-03T22:08:51","modified_gmt":"2026-05-03T20:08:51","slug":"chor","status":"publish","type":"page","link":"https:\/\/www.tomaszowice.diecezja.lublin.pl\/?page_id=190","title":{"rendered":"Schola liturgiczna"},"content":{"rendered":"<h3 style=\"padding-left: 60px; text-align: center;\"><a href=\"https:\/\/spiewniksiedleckiego.pl\/?page_id=17\">\u015aPIEWNIK<\/a> \u00a0\u00a0\u00a0\u00a0\u00a0\u00a0\u00a0\u00a0 \u00a0\u00a0\u00a0\u00a0\u00a0\u00a0\u00a0 <a href=\"https:\/\/www.tomaszowice.diecezja.lublin.pl\/?page_id=201\">ALBUMY<\/a><\/h3>\n<h3 style=\"text-align: center;\">Ca\u0142y czas zapraszamy wszystkich ch\u0119tnych &#8211; doros\u0142ych<br \/>\ni dzieci od 4 klasy, kt\u00f3rzy chcieliby \u015bpiewa\u0107 w scholi!<\/h3>\n<h5 style=\"text-align: center;\">Najbli\u017csze spotkanie b\u0119dzie<br \/>\n<strong>w poniedzia\u0142ek 4 maja o 18:00 w sali<\/strong><strong>.<\/strong><\/h5>\n<p>&nbsp;<\/p>\n<p><span style=\"text-decoration: underline;\"><strong>Repertuar:<\/strong><\/span><\/p>\n<p><span style=\"text-decoration: underline;\">(4 maja):<\/span><em><br \/>\nAlleluja! Bij\u0105 dzwony<br \/>\nTy Wszechmocny Panie<br \/>\nOtrzyjcie ju\u017c \u0142zy p\u0142acz\u0105cy<br \/>\nPan jest moc\u0105<br \/>\n\u015awi\u0119ty Florianie, patronie nasz<\/em><\/p>\n<p><span style=\"text-decoration: underline;\">(17 maja)<\/span><em>:<br \/>\nChrystus Pan w niebo wst\u0119puje<br \/>\nId\u017acie na ca\u0142y \u015bwiat<br \/>\nIdzie, idzie B\u00f3g prawdziwy<br \/>\nK\u0142aniam si\u0119 Tobie<br \/>\nUpadnij na kolana<br \/>\nCiesz si\u0119 Kr\u00f3lowo Anielska<\/em><\/p>\n<p><span style=\"text-decoration: underline;\">(4 czerwca &#8211; Bo\u017ce Cia\u0142o):<\/span><em><br \/>\nZr\u00f3bcie Mu miejsce<br \/>\nJam jest Chlebem \u017bywym<br \/>\nWitaj Pokarmie<br \/>\nPan wieczernik przygotowa\u0142<br \/>\nDzi\u0119kujemy Ci, Ojcze nasz<br \/>\nNie rzucim Chryste<\/em><\/p>\n","protected":false},"excerpt":{"rendered":"<p>\u015aPIEWNIK \u00a0\u00a0\u00a0\u00a0\u00a0\u00a0\u00a0\u00a0 \u00a0\u00a0\u00a0\u00a0\u00a0\u00a0\u00a0 ALBUMY Ca\u0142y czas zapraszamy wszystkich ch\u0119tnych &#8211; doros\u0142ych i dzieci od 4 klasy, kt\u00f3rzy chcieliby \u015bpiewa\u0107 w scholi! Najbli\u017csze spotkanie b\u0119dzie w poniedzia\u0142ek 4 maja o 18:00 w sali. &nbsp; Repertuar: (4 maja): Alleluja! Bij\u0105 dzwony Ty Wszechmocny Panie Otrzyjcie ju\u017c \u0142zy p\u0142acz\u0105cy Pan jest moc\u0105 \u015awi\u0119ty Florianie, patronie nasz (17 maja): &hellip; <a href=\"https:\/\/www.tomaszowice.diecezja.lublin.pl\/?page_id=190\" class=\"more-link\">Czytaj dalej <span class=\"screen-reader-text\">Schola liturgiczna<\/span> <span class=\"meta-nav\">&rarr;<\/span><\/a><\/p>\n","protected":false},"author":1,"featured_media":191,"parent":0,"menu_order":0,"comment_status":"closed","ping_status":"closed","template":"","meta":{"footnotes":""},"class_list":["post-190","page","type-page","status-publish","has-post-thumbnail","hentry"],"_links":{"self":[{"href":"https:\/\/www.tomaszowice.diecezja.lublin.pl\/index.php?rest_route=\/wp\/v2\/pages\/190","targetHints":{"allow":["GET"]}}],"collection":[{"href":"https:\/\/www.tomaszowice.diecezja.lublin.pl\/index.php?rest_route=\/wp\/v2\/pages"}],"about":[{"href":"https:\/\/www.tomaszowice.diecezja.lublin.pl\/index.php?rest_route=\/wp\/v2\/types\/page"}],"author":[{"embeddable":true,"href":"https:\/\/www.tomaszowice.diecezja.lublin.pl\/index.php?rest_route=\/wp\/v2\/users\/1"}],"replies":[{"embeddable":true,"href":"https:\/\/www.tomaszowice.diecezja.lublin.pl\/index.php?rest_route=%2Fwp%2Fv2%2Fcomments&post=190"}],"version-history":[{"count":353,"href":"https:\/\/www.tomaszowice.diecezja.lublin.pl\/index.php?rest_route=\/wp\/v2\/pages\/190\/revisions"}],"predecessor-version":[{"id":5415,"href":"https:\/\/www.tomaszowice.diecezja.lublin.pl\/index.php?rest_route=\/wp\/v2\/pages\/190\/revisions\/5415"}],"wp:featuredmedia":[{"embeddable":true,"href":"https:\/\/www.tomaszowice.diecezja.lublin.pl\/index.php?rest_route=\/wp\/v2\/media\/191"}],"wp:attachment":[{"href":"https:\/\/www.tomaszowice.diecezja.lublin.pl\/index.php?rest_route=%2Fwp%2Fv2%2Fmedia&parent=190"}],"curies":[{"name":"wp","href":"https:\/\/api.w.org\/{rel}","templated":true}]}}