{"id":2683,"date":"2017-01-15T21:10:35","date_gmt":"2017-01-15T20:10:35","guid":{"rendered":"http:\/\/www.tomaszowice.diecezja.lublin.pl\/?page_id=2683"},"modified":"2017-01-15T21:30:50","modified_gmt":"2017-01-15T20:30:50","slug":"goscimy-zespol-jawor-15-01-2017r","status":"publish","type":"page","link":"https:\/\/www.tomaszowice.diecezja.lublin.pl\/?page_id=2683","title":{"rendered":"Go\u015bcimy Zesp\u00f3\u0142 Pie\u015bni i Ta\u0144ca Jawor (15.01.2017r.)"},"content":{"rendered":"<p>&nbsp;<\/p>\n<div id='gallery-1' class='gallery galleryid-2683 gallery-columns-3 gallery-size-medium'><figure class='gallery-item'>\n\t\t\t<div class='gallery-icon landscape'>\n\t\t\t\t<a href='https:\/\/www.tomaszowice.diecezja.lublin.pl\/?attachment_id=2684'><img loading=\"lazy\" decoding=\"async\" width=\"300\" height=\"162\" src=\"https:\/\/www.tomaszowice.diecezja.lublin.pl\/wp-content\/uploads\/P1350452-e1484511962880-300x162.jpg\" class=\"attachment-medium size-medium\" alt=\"\" srcset=\"https:\/\/www.tomaszowice.diecezja.lublin.pl\/wp-content\/uploads\/P1350452-e1484511962880-300x162.jpg 300w, https:\/\/www.tomaszowice.diecezja.lublin.pl\/wp-content\/uploads\/P1350452-e1484511962880-150x81.jpg 150w, https:\/\/www.tomaszowice.diecezja.lublin.pl\/wp-content\/uploads\/P1350452-e1484511962880-768x416.jpg 768w, https:\/\/www.tomaszowice.diecezja.lublin.pl\/wp-content\/uploads\/P1350452-e1484511962880-1024x554.jpg 1024w, https:\/\/www.tomaszowice.diecezja.lublin.pl\/wp-content\/uploads\/P1350452-e1484511962880.jpg 1253w\" sizes=\"auto, (max-width: 300px) 100vw, 300px\" \/><\/a>\n\t\t\t<\/div><\/figure><figure class='gallery-item'>\n\t\t\t<div class='gallery-icon landscape'>\n\t\t\t\t<a href='https:\/\/www.tomaszowice.diecezja.lublin.pl\/?attachment_id=2685'><img loading=\"lazy\" decoding=\"async\" width=\"300\" height=\"225\" src=\"https:\/\/www.tomaszowice.diecezja.lublin.pl\/wp-content\/uploads\/P1350449-300x225.jpg\" class=\"attachment-medium size-medium\" alt=\"\" srcset=\"https:\/\/www.tomaszowice.diecezja.lublin.pl\/wp-content\/uploads\/P1350449-300x225.jpg 300w, https:\/\/www.tomaszowice.diecezja.lublin.pl\/wp-content\/uploads\/P1350449-150x113.jpg 150w, https:\/\/www.tomaszowice.diecezja.lublin.pl\/wp-content\/uploads\/P1350449-768x576.jpg 768w, https:\/\/www.tomaszowice.diecezja.lublin.pl\/wp-content\/uploads\/P1350449-1024x768.jpg 1024w, https:\/\/www.tomaszowice.diecezja.lublin.pl\/wp-content\/uploads\/P1350449.jpg 1280w\" sizes=\"auto, (max-width: 300px) 100vw, 300px\" \/><\/a>\n\t\t\t<\/div><\/figure><figure class='gallery-item'>\n\t\t\t<div class='gallery-icon landscape'>\n\t\t\t\t<a href='https:\/\/www.tomaszowice.diecezja.lublin.pl\/?attachment_id=2686'><img loading=\"lazy\" decoding=\"async\" width=\"300\" height=\"225\" src=\"https:\/\/www.tomaszowice.diecezja.lublin.pl\/wp-content\/uploads\/P1350450-300x225.jpg\" class=\"attachment-medium size-medium\" alt=\"\" srcset=\"https:\/\/www.tomaszowice.diecezja.lublin.pl\/wp-content\/uploads\/P1350450-300x225.jpg 300w, https:\/\/www.tomaszowice.diecezja.lublin.pl\/wp-content\/uploads\/P1350450-150x113.jpg 150w, https:\/\/www.tomaszowice.diecezja.lublin.pl\/wp-content\/uploads\/P1350450-768x576.jpg 768w, https:\/\/www.tomaszowice.diecezja.lublin.pl\/wp-content\/uploads\/P1350450-1024x768.jpg 1024w, https:\/\/www.tomaszowice.diecezja.lublin.pl\/wp-content\/uploads\/P1350450.jpg 1280w\" sizes=\"auto, (max-width: 300px) 100vw, 300px\" \/><\/a>\n\t\t\t<\/div><\/figure><figure class='gallery-item'>\n\t\t\t<div class='gallery-icon landscape'>\n\t\t\t\t<a href='https:\/\/www.tomaszowice.diecezja.lublin.pl\/?attachment_id=2687'><img loading=\"lazy\" decoding=\"async\" width=\"300\" height=\"225\" src=\"https:\/\/www.tomaszowice.diecezja.lublin.pl\/wp-content\/uploads\/P1350451-300x225.jpg\" class=\"attachment-medium size-medium\" alt=\"\" srcset=\"https:\/\/www.tomaszowice.diecezja.lublin.pl\/wp-content\/uploads\/P1350451-300x225.jpg 300w, https:\/\/www.tomaszowice.diecezja.lublin.pl\/wp-content\/uploads\/P1350451-150x113.jpg 150w, https:\/\/www.tomaszowice.diecezja.lublin.pl\/wp-content\/uploads\/P1350451-768x576.jpg 768w, https:\/\/www.tomaszowice.diecezja.lublin.pl\/wp-content\/uploads\/P1350451-1024x768.jpg 1024w, https:\/\/www.tomaszowice.diecezja.lublin.pl\/wp-content\/uploads\/P1350451.jpg 1280w\" sizes=\"auto, (max-width: 300px) 100vw, 300px\" \/><\/a>\n\t\t\t<\/div><\/figure>\n\t\t<\/div>\n\n","protected":false},"excerpt":{"rendered":"<p>&nbsp;<\/p>\n","protected":false},"author":1,"featured_media":0,"parent":0,"menu_order":0,"comment_status":"closed","ping_status":"closed","template":"","meta":{"footnotes":""},"class_list":["post-2683","page","type-page","status-publish","hentry"],"_links":{"self":[{"href":"https:\/\/www.tomaszowice.diecezja.lublin.pl\/index.php?rest_route=\/wp\/v2\/pages\/2683","targetHints":{"allow":["GET"]}}],"collection":[{"href":"https:\/\/www.tomaszowice.diecezja.lublin.pl\/index.php?rest_route=\/wp\/v2\/pages"}],"about":[{"href":"https:\/\/www.tomaszowice.diecezja.lublin.pl\/index.php?rest_route=\/wp\/v2\/types\/page"}],"author":[{"embeddable":true,"href":"https:\/\/www.tomaszowice.diecezja.lublin.pl\/index.php?rest_route=\/wp\/v2\/users\/1"}],"replies":[{"embeddable":true,"href":"https:\/\/www.tomaszowice.diecezja.lublin.pl\/index.php?rest_route=%2Fwp%2Fv2%2Fcomments&post=2683"}],"version-history":[{"count":4,"href":"https:\/\/www.tomaszowice.diecezja.lublin.pl\/index.php?rest_route=\/wp\/v2\/pages\/2683\/revisions"}],"predecessor-version":[{"id":2721,"href":"https:\/\/www.tomaszowice.diecezja.lublin.pl\/index.php?rest_route=\/wp\/v2\/pages\/2683\/revisions\/2721"}],"wp:attachment":[{"href":"https:\/\/www.tomaszowice.diecezja.lublin.pl\/index.php?rest_route=%2Fwp%2Fv2%2Fmedia&parent=2683"}],"curies":[{"name":"wp","href":"https:\/\/api.w.org\/{rel}","templated":true}]}}

Gościmy Zespół Pieśni i Tańca Jawor (15.01.2017r.)
